e y(t).
6
Let t(w) = -w**3 + 7*w**2 - 4*w - 8. Suppose 0 = -2*k + k + 6. Determine t(k).
4
Let r(p) = -p + p - 4 + 7*p + 0*p. Calculate r(4).
24
Let a = 0 + 0. Let l(x) = x**3 + 3. Give l(a).
3
Let h(v) = v**3 - 4*v**2 + v + 1. Suppose 5*c + 19 = 3*s, s - 2*s - 5*c = 7. What is h(s)?
-5
Suppose 0 = -4*b + 13 + 3. Let q be ((-4)/6)/(2/(-9)). Let h(i) = 0 + 0 - i + q*i - 1. What is h(b)?
7
Let n(v) = -2*v. Let q be (11 + -1)*(-8)/(-20). Give n(q).
-8
Let j(w) = w**3 - 7*w**2 + 5*w + 1. Let a = 49 + -43. Calculate j(a).
-5
Let m(a) = a + 8. Let c(b) = -b**2 - 7*b. Let d be c(-8). Give m(d).
0
Let w(m) be the first derivative of m**4/4 + 7*m**3/3 + 3*m**2 + 9*m + 8. Calculate w(-6).
9
Let c(i) = -3*i - 2 - 1 + 0. Let b = 4 - -19. Let r = 20 - b. Calculate c(r).
6
Let r(j) = -j - 5. Let y = -29 + 24. What is r(y)?
0
Let o(v) = -v**2 - 4*v + 7. Let i be o(-5). Suppose -4*b = 20, -i*x + 3*b = -2 - 13. Let j(d) = d - 11. Calculate j(x).
-11
Let v(z) = 3*z - 21. Let k be v(7). Let g(c) be the third derivative of 0*c + 1/6*c**3 - c**2 + k + 1/12*c**4. Give g(3).
7
Let w(k) = k**2 + 6*k - 2. Let q(j) = -j**3 + 4*j**2 + 3*j - 10. Let r be q(4). Let v be (-10)/(-20)*(-24)/r. Determine w(v).
-2
Let c(u) be the first derivative of u**3/3 + u - 39. Let q = 1 + -1. Suppose q = -5*w - 4 + 19. Determine c(w).
10
Let c(t) = t - 3. Let w be c(0). Let b be 10/(-2) + (w - -3). Let l(r) = -3*r - 2 - r**3 + 2*r + 2*r**3 + 5*r**2. Give l(b).
3
Let k(w) = 3*w**3 - w - 2*w**3 + 5 - 2*w + 3*w**2. Let v = -10 - -22. Let o = v + -16. Give k(o).
1
Suppose 0 = 3*y + 2*r - 1 - 1, 4*r = -4*y. Let z(x) = -3*x**2 + 3*x - 1 - y*x**2 - 5*x. Let v = 9 - 10. Calculate z(v).
-4
Let t = 11 - 8. Let h = -1 + 0. Let v(p) = -3*p**2 - p. Let i(s) = s**2 - s. Let c(r) = h*v(r) - 4*i(r). Determine c(t).
6
Let k(t) = -t**2 + 5*t + 5. Let y(g) = -g + 1. Let w be y(1). Let f = w + 2. Suppose -7 = -v - f. Calculate k(v).
5
Let w(r) = r**2 + 5*r + 2. Let m be w(-5). Let i(f) be the third derivative of f**6/120 - f**5/20 + f**4/8 - f**3/6 + f**2. What is i(m)?
1
Let t(g) = g**3 + g**2 - g - 2. Let d(b) = b**2 + b. Let s be d(1). Suppose s*n - 6 = -2. Determine t(n).
8
Let g(k) be the third derivative of 0*k - 1/8*k**4 - 1/3*k**3 - 1/360*k**6 + 1/24*k**5 - k**2 + 0. Let i(o) be the first derivative of g(o). Calculate i(4).
1
Let t(j) be the third derivative of -j**5/60 + j**4/4 + 11*j**3/6 - 18*j**2. Calculate t(8).
-5
Let r = -14 - -32. Let u = 7 + -19. Let k = r + u. Let i(z) = -z + 5. Determine i(k).
-1
Let l(j) = j**3 + 10*j**2 + 7*j - 8. Let t(q) = 2*q**3 + 3*q**2 + 8*q + 11. Let g be t(-2). Calculate l(g).
10
Let w(x) = x**3 - x**2 + 7*x + 1. Let n(d) = -d**3 + 2*d**2 - 8*d. Let q(c) = 5*n(c) + 6*w(c). What is q(-4)?
-2
Let p(u) = -u - 1. Let f(q) = -q - 1. Let t(h) = -2*f(h) - p(h). Let k = -7 + 12. Let z be (1*k)/(6/(-6)). Give t(z).
-12
Let q be (2 + -3)/((-1)/(-3)). Let p = q - -10. Let c(a) = -a**3 + 7*a**2 + 2. Determine c(p).
2
Suppose 9 = -5*y - 4*i - 22, -12 = 3*i. Let v = y - -6. Let s(p) = -v*p + 5*p - 4*p. Give s(2).
-4
Let q(m) = 5*m + 3. Let h(y) = -14*y - 8. Let t(r) = 6*h(r) + 17*q(r). Determine t(7).
10
Let g = -5 - -9. Suppose 5*d + p = 11 + 4, -g*d - 12 = -4*p. Let x(h) = -3*h + 3. What is x(d)?
-3
Let p(w) = 2 - 3 + w - 3*w. Suppose o = 4*o + 3, -2*i - 2*o + 6 = 0. Let t = -7 + i. What is p(t)?
5
Let v(p) = -3*p**3 - 19 + 0*p**2 + 2*p**3 - p + 18 + 4*p**2. Determine v(4).
-5
Let y = 29 - 43. Let d = y - -10. Let i(w) = 4 + w**3 - 4 + 5*w**2 + 3 - 1 + 4*w. Calculate i(d).
2
Let m(h) be the first derivative of -h**3/6 - 2*h + 1. Let l(p) be the first derivative of m(p). Give l(-3).
3
Let h = -26 + 17. Let x(r) = -r + 65 - 29 - 39. What is x(h)?
6
Let m be (2 + 1 - 2) + 1. Suppose -w + 3*i = w - 3, m = -w + 5*i. Let s(k) = k**3 + 0*k**w - 3*k**2 - 2 + k - k**2. Give s(3).
-8
Let h(o) = -o - 4. Let c be 3/4 + 45/36. Suppose c*j = -j. What is h(j)?
-4
Suppose i - 11 = -3*v, -2*v - 4*i + 9 = 3*v. Let l(o) = o**3 - 6*o**2 + 3*o + 7. What is l(v)?
-3
Let b be ((-10)/(-4))/((-2)/4). Let n(s) be the first derivative of -s**4/4 - 2*s**3 - 5*s**2/2 + 3*s + 47. Calculate n(b).
3
Let j(d) = d**2 - 3*d. Suppose -5*k + 10 = -2*k - i, -5*k + i = -16. Calculate j(k).
0
Let j(r) = -3*r + 8. Suppose -3*f = -2*f - 6. Give j(f).
-10
Let n(d) = 0 + 1 + 2*d**2 - 1 + 2 + d + d**3. Give n(-2).
0
Let n(r) be the second derivative of r**4/2 + r**3/6 + r**2/2 + r. Let k = 7 + -2. Suppose d + 0*u = u + 1, d + k*u + 11 = 0. Determine n(d).
6
Suppose -3*t = -4*t. Suppose t = 4*j - 4*n + 24, 0 = -0*j + 5*j + 5*n + 10. Let i(f) = 3*f + 2*f**2 - f**2 - f**3 + 3 - 4*f**2. What is i(j)?
7
Suppose -3*b = -44 + 8. Let k be b/(-7) + 4/(-14). Let f(g) be the third derivative of -g**6/120 - g**5/30 + g**4/24 + g**3/3 - 4*g**2. Determine f(k).
0
Let n(w) = 4 - 4 + 2 - w + 3. Determine n(6).
-1
Let x(g) = 16 + 7*g - 3*g - 41. Let r(s) be the third derivative of -s**4/24 + 5*s**3/6 + 9*s**2. Let l(b) = -11*r(b) - 2*x(b). Calculate l(5).
10
Suppose -9*f + 5*f = -224. Let i be (-20)/(-50) + f/10. Let h(m) = -m**3 + 7*m**2 - 7*m + 5. Determine h(i).
-1
Let o(p) = -p**3 - 4*p**2 + 3*p + 5. Let h = -16 + 12. Calculate o(h).
-7
Let x(b) = -2*b**3 - 10*b**2 - 13*b + 15. Let m(z) = 4*z**2 - 9*z**2 - 6*z - z**3 + 10 - 3. Let t(j) = 7*m(j) - 3*x(j). Give t(-3).
-5
Let p(t) = t**2 + 4*t + 3. Let y = -121 + 116. Calculate p(y).
8
Suppose -t = -u - 1, 5*u + 5*t + 5 = -0*t. Let r(v) = 4*v**2 + 1. Calculate r(u).
5
Let v be 2/(-8) + (-3)/(-12). Suppose -2*d + v*d + 4 = 0. Let b(t) = -t**2 - t + 1. Give b(d).
-5
Let y = 4 + -6. Let j(q) = 1. Let a(p) = p - 2. Let r(u) = y*j(u) + a(u). Suppose -2*s - 3*g + 19 = 0, 4*g - 16 = -2*s + 6. Determine r(s).
1
Let f(p) be the third derivative of -p**6/120 - p**5/30 + p**4/24 - p**3/6 - 25*p**2. What is f(-2)?
-3
Suppose -3*j - 2*i - 2 = -7*j, -i = j - 8. Suppose -j*w + 6 = -w. Suppose m - 4*m = -x - 5, 3*x - w*m + 9 = 0. Let a(g) = 2*g**3 + 3*g**2 + g + 2. What is a(x)?
-4
Let u(x) be the second derivative of -x**4/12 - 7*x**2 - 2*x. Let m be -3 + (-1)/(-1) - -5. Suppose 0 = m*k - 8*k. Determine u(k).
-14
Let n(f) = -11*f**2 - 10*f + 2. Let m(r) = -4*r**2 - 3*r + 1. Let c(h) = 8*m(h) - 3*n(h). Let v be c(-6). Let x(w) = -w**2 + w. What is x(v)?
-2
Let p(u) = u**2. Let w(h) = -4*h**2 - 2*h - 7. Let n(b) = -5*p(b) - w(b). Calculate n(5).
-8
Let f(x) = -x**2 + 2*x + 9. Let o be f(4). Let s be ((-6)/o)/((-12)/(-8)). Let v(j) = j + 2. What is v(s)?
-2
Let u(w) = -2*w + 5. Suppose -2*n = 2*m + 20, 4*m = -n - 18 - 7. Calculate u(m).
15
Let r = -3 - -5. Suppose -r*u + 8 - 20 = 0. Let t be (u/(-4))/(6/16). Let j(g) = g**3 - 5*g**2 + 6*g - 3. Give j(t).
5
Let j(l) = 4*l + 16. Let n be j(-5). Let y(a) = a**3 + 0 + 5*a**2 + 4 + 5*a - 6. Give y(n).
-6
Let c(q) = q - 1. Let u(a) = a**2 - a - 3. Suppose -5 = -3*t - y + 5, y = -t + 4. Let j be u(t). Suppose 0 = g + n - 1, 4*g - 26 = j*n - 1. What is c(g)?
3
Let i = -34 + 38. Let o(h) be the third derivative of -h**6/120 + h**5/15 + 5*h**3/6 + h**2. What is o(i)?
5
Let d(z) = z**3 + z - 5. Let q be 4/(-22) + (-6)/(-33). What is d(q)?
-5
Suppose 26 - 6 = 5*y. Let q(u) = -7*u**3 + 3*u**2 - 5*u + 1. Let v(p) = -3*p**3 + 2*p**2 - 2*p + 1. Let z(s) = 2*q(s) - 5*v(s). Determine z(y).
-3
Let r(m) = -1596 + 1596 - m**2 - 8*m. Calculate r(-7).
7
Let v(t) = 4*t**2 - 3*t. Let z(b) = 21*b**2 - 15*b - 1. Let w(j) = -11*v(j) + 2*z(j). Suppose n + 4*n = 30. Suppose -n = -7*y + 4*y. Determine w(y).
-4
Let i(a) = -a**2 + 37*a + 45*a - 81*a - 6*a**3 + 1. Let z be 6/(4/2) + 2. Suppose -m + 8 = -3*g, -z*m = -7*g + 3*g - 7. What is i(m)?
5
Let n(c) be the third derivative of -c**4/12 + 4*c**2. Suppose 4*g - 4*p - p = -33, 4*p = 20. Calculate n(g).
4
Suppose 22 = 5*n + 7. Suppose -2*x + 0*x - m + 1 = 0, -n*m + 8 = x. Let i(r) = 3*r - 1. Let d be i(x). Let t(u) = -2*u - 1. Calculate t(d).
7
Let h(w) = w + 1. Let n(c) = -c**2 + 6*c + 7. Let s(d) = 6*h(d) - n(d). Let m be (-6)/(-9) + (-1)/(-3). Let l be (m + -1)*(-5 + 4). Give s(l).
-1
Let o(i) = -1 - i**2 - 2 + 3*i + 3*i + 1. Calculate o(3).
7
Let q(p) = -p**2 + 4*p + 3. Let l be q(5). Let n(k) = k + 2. Give n(l).
0
Let z(b) = 17 - b**2 - 19 + 2*b**2 - 3*b. What is z(4)?
2
Let s(i) = 2*i**2 - 7*i - 1 - 3*i**2 - 6. Let j = -2 -